{"id":11193,"date":"2026-02-12T13:47:19","date_gmt":"2026-02-12T13:47:19","guid":{"rendered":"http:\/\/localhost:10148\/?post_type=podcast&#038;p=11193"},"modified":"2026-02-12T15:39:56","modified_gmt":"2026-02-12T15:39:56","slug":"image-de-marque-marketing-site-web-typographie","status":"publish","type":"podcast","link":"http:\/\/agencevertiga.com\/en\/podcast\/image-de-marque-marketing-site-web-typographie\/","title":{"rendered":"Image de marque, marketing, site web, typographie."},"content":{"rendered":"","protected":false},"featured_media":0,"parent":0,"template":"","meta":{"_acf_changed":true},"type-de-podcast":[],"class_list":["post-11193","podcast","type-podcast","status-publish","hentry"],"acf":[],"yoast_head":"<!-- This site is optimized with the Yoast SEO plugin v27.3 - https:\/\/yoast.com\/product\/yoast-seo-wordpress\/ -->\n<title>Image de marque, marketing, site web, typographie. - Agence marketing Vertiga<\/title>\n<meta name=\"description\" content=\"Comment cr\u00e9er une identit\u00e9 de marque m\u00e9morable ? St\u00e9phane Patry et Judith Cailhier re\u00e7oivent Micha\u00ebl Grenier et \u00c9laine Gigu\u00e8re pour discuter branding, typographie et strat\u00e9gie digitale. Premier \u00e9pisode du podcast \u00c0 vos MARQUES.\" \/>\n<meta name=\"robots\" content=\"index, follow, max-snippet:-1, max-image-preview:large, max-video-preview:-1\" \/>\n<link rel=\"canonical\" href=\"http:\/\/agencevertiga.com\/en\/podcast\/image-de-marque-marketing-site-web-typographie\/\" \/>\n<meta property=\"og:locale\" content=\"en_US\" \/>\n<meta property=\"og:type\" content=\"article\" \/>\n<meta property=\"og:title\" content=\"Image de marque, marketing, site web, typographie. - Agence marketing Vertiga\" \/>\n<meta property=\"og:description\" content=\"Comment cr\u00e9er une identit\u00e9 de marque m\u00e9morable ? St\u00e9phane Patry et Judith Cailhier re\u00e7oivent Micha\u00ebl Grenier et \u00c9laine Gigu\u00e8re pour discuter branding, typographie et strat\u00e9gie digitale. Premier \u00e9pisode du podcast \u00c0 vos MARQUES.\" \/>\n<meta property=\"og:url\" content=\"http:\/\/agencevertiga.com\/en\/podcast\/image-de-marque-marketing-site-web-typographie\/\" \/>\n<meta property=\"og:site_name\" content=\"Agence marketing Vertiga\" \/>\n<meta property=\"article:publisher\" content=\"https:\/\/www.facebook.com\/agencevertiga\" \/>\n<meta property=\"article:modified_time\" content=\"2026-02-12T15:39:56+00:00\" \/>\n<meta property=\"og:image\" content=\"http:\/\/agencevertiga.com\/wp-content\/uploads\/2025\/01\/vertiga.png\" \/>\n\t<meta property=\"og:image:width\" content=\"700\" \/>\n\t<meta property=\"og:image:height\" content=\"700\" \/>\n\t<meta property=\"og:image:type\" content=\"image\/png\" \/>\n<meta name=\"twitter:card\" content=\"summary_large_image\" \/>\n<script type=\"application\/ld+json\" class=\"yoast-schema-graph\">{\"@context\":\"https:\\\/\\\/schema.org\",\"@graph\":[{\"@type\":\"WebPage\",\"@id\":\"http:\\\/\\\/agencevertiga.com\\\/en\\\/podcast\\\/image-de-marque-marketing-site-web-typographie\\\/\",\"url\":\"http:\\\/\\\/agencevertiga.com\\\/en\\\/podcast\\\/image-de-marque-marketing-site-web-typographie\\\/\",\"name\":\"Image de marque, marketing, site web, typographie. - Agence marketing Vertiga\",\"isPartOf\":{\"@id\":\"http:\\\/\\\/agencevertiga.com\\\/en\\\/#website\"},\"datePublished\":\"2026-02-12T13:47:19+00:00\",\"dateModified\":\"2026-02-12T15:39:56+00:00\",\"description\":\"Comment cr\u00e9er une identit\u00e9 de marque m\u00e9morable ? St\u00e9phane Patry et Judith Cailhier re\u00e7oivent Micha\u00ebl Grenier et \u00c9laine Gigu\u00e8re pour discuter branding, typographie et strat\u00e9gie digitale. Premier \u00e9pisode du podcast \u00c0 vos MARQUES.\",\"breadcrumb\":{\"@id\":\"http:\\\/\\\/agencevertiga.com\\\/en\\\/podcast\\\/image-de-marque-marketing-site-web-typographie\\\/#breadcrumb\"},\"inLanguage\":\"en-US\",\"potentialAction\":[{\"@type\":\"ReadAction\",\"target\":[\"http:\\\/\\\/agencevertiga.com\\\/en\\\/podcast\\\/image-de-marque-marketing-site-web-typographie\\\/\"]}]},{\"@type\":\"BreadcrumbList\",\"@id\":\"http:\\\/\\\/agencevertiga.com\\\/en\\\/podcast\\\/image-de-marque-marketing-site-web-typographie\\\/#breadcrumb\",\"itemListElement\":[{\"@type\":\"ListItem\",\"position\":1,\"name\":\"Accueil\",\"item\":\"http:\\\/\\\/agencevertiga.com\\\/en\\\/\"},{\"@type\":\"ListItem\",\"position\":2,\"name\":\"Podcasts\",\"item\":\"http:\\\/\\\/agencevertiga.com\\\/en\\\/podcast\\\/\"},{\"@type\":\"ListItem\",\"position\":3,\"name\":\"Image de marque, marketing, site web, typographie.\"}]},{\"@type\":\"WebSite\",\"@id\":\"http:\\\/\\\/agencevertiga.com\\\/en\\\/#website\",\"url\":\"http:\\\/\\\/agencevertiga.com\\\/en\\\/\",\"name\":\"Agence marketing Vertiga\",\"description\":\"\u00c9couter. Penser. Cr\u00e9er. Performer.\",\"publisher\":{\"@id\":\"http:\\\/\\\/agencevertiga.com\\\/en\\\/#organization\"},\"potentialAction\":[{\"@type\":\"SearchAction\",\"target\":{\"@type\":\"EntryPoint\",\"urlTemplate\":\"http:\\\/\\\/agencevertiga.com\\\/en\\\/?s={search_term_string}\"},\"query-input\":{\"@type\":\"PropertyValueSpecification\",\"valueRequired\":true,\"valueName\":\"search_term_string\"}}],\"inLanguage\":\"en-US\"},{\"@type\":\"Organization\",\"@id\":\"http:\\\/\\\/agencevertiga.com\\\/en\\\/#organization\",\"name\":\"Agence marketing Vertiga\",\"url\":\"http:\\\/\\\/agencevertiga.com\\\/en\\\/\",\"logo\":{\"@type\":\"ImageObject\",\"inLanguage\":\"en-US\",\"@id\":\"http:\\\/\\\/agencevertiga.com\\\/en\\\/#\\\/schema\\\/logo\\\/image\\\/\",\"url\":\"http:\\\/\\\/agencevertiga.com\\\/wp-content\\\/uploads\\\/2025\\\/01\\\/vertiga.png\",\"contentUrl\":\"http:\\\/\\\/agencevertiga.com\\\/wp-content\\\/uploads\\\/2025\\\/01\\\/vertiga.png\",\"width\":700,\"height\":700,\"caption\":\"Agence marketing Vertiga\"},\"image\":{\"@id\":\"http:\\\/\\\/agencevertiga.com\\\/en\\\/#\\\/schema\\\/logo\\\/image\\\/\"},\"sameAs\":[\"https:\\\/\\\/www.facebook.com\\\/agencevertiga\"]}]}<\/script>\n<!-- \/ Yoast SEO plugin. -->","yoast_head_json":{"title":"Image de marque, marketing, site web, typographie. - Agence marketing Vertiga","description":"Comment cr\u00e9er une identit\u00e9 de marque m\u00e9morable ? St\u00e9phane Patry et Judith Cailhier re\u00e7oivent Micha\u00ebl Grenier et \u00c9laine Gigu\u00e8re pour discuter branding, typographie et strat\u00e9gie digitale. Premier \u00e9pisode du podcast \u00c0 vos MARQUES.","robots":{"index":"index","follow":"follow","max-snippet":"max-snippet:-1","max-image-preview":"max-image-preview:large","max-video-preview":"max-video-preview:-1"},"canonical":"http:\/\/agencevertiga.com\/en\/podcast\/image-de-marque-marketing-site-web-typographie\/","og_locale":"en_US","og_type":"article","og_title":"Image de marque, marketing, site web, typographie. - Agence marketing Vertiga","og_description":"Comment cr\u00e9er une identit\u00e9 de marque m\u00e9morable ? St\u00e9phane Patry et Judith Cailhier re\u00e7oivent Micha\u00ebl Grenier et \u00c9laine Gigu\u00e8re pour discuter branding, typographie et strat\u00e9gie digitale. Premier \u00e9pisode du podcast \u00c0 vos MARQUES.","og_url":"http:\/\/agencevertiga.com\/en\/podcast\/image-de-marque-marketing-site-web-typographie\/","og_site_name":"Agence marketing Vertiga","article_publisher":"https:\/\/www.facebook.com\/agencevertiga","article_modified_time":"2026-02-12T15:39:56+00:00","og_image":[{"width":700,"height":700,"url":"http:\/\/agencevertiga.com\/wp-content\/uploads\/2025\/01\/vertiga.png","type":"image\/png"}],"twitter_card":"summary_large_image","schema":{"@context":"https:\/\/schema.org","@graph":[{"@type":"WebPage","@id":"http:\/\/agencevertiga.com\/en\/podcast\/image-de-marque-marketing-site-web-typographie\/","url":"http:\/\/agencevertiga.com\/en\/podcast\/image-de-marque-marketing-site-web-typographie\/","name":"Image de marque, marketing, site web, typographie. - Agence marketing Vertiga","isPartOf":{"@id":"http:\/\/agencevertiga.com\/en\/#website"},"datePublished":"2026-02-12T13:47:19+00:00","dateModified":"2026-02-12T15:39:56+00:00","description":"Comment cr\u00e9er une identit\u00e9 de marque m\u00e9morable ? St\u00e9phane Patry et Judith Cailhier re\u00e7oivent Micha\u00ebl Grenier et \u00c9laine Gigu\u00e8re pour discuter branding, typographie et strat\u00e9gie digitale. Premier \u00e9pisode du podcast \u00c0 vos MARQUES.","breadcrumb":{"@id":"http:\/\/agencevertiga.com\/en\/podcast\/image-de-marque-marketing-site-web-typographie\/#breadcrumb"},"inLanguage":"en-US","potentialAction":[{"@type":"ReadAction","target":["http:\/\/agencevertiga.com\/en\/podcast\/image-de-marque-marketing-site-web-typographie\/"]}]},{"@type":"BreadcrumbList","@id":"http:\/\/agencevertiga.com\/en\/podcast\/image-de-marque-marketing-site-web-typographie\/#breadcrumb","itemListElement":[{"@type":"ListItem","position":1,"name":"Accueil","item":"http:\/\/agencevertiga.com\/en\/"},{"@type":"ListItem","position":2,"name":"Podcasts","item":"http:\/\/agencevertiga.com\/en\/podcast\/"},{"@type":"ListItem","position":3,"name":"Image de marque, marketing, site web, typographie."}]},{"@type":"WebSite","@id":"http:\/\/agencevertiga.com\/en\/#website","url":"http:\/\/agencevertiga.com\/en\/","name":"Agence marketing Vertiga","description":"\u00c9couter. Penser. Cr\u00e9er. Performer.","publisher":{"@id":"http:\/\/agencevertiga.com\/en\/#organization"},"potentialAction":[{"@type":"SearchAction","target":{"@type":"EntryPoint","urlTemplate":"http:\/\/agencevertiga.com\/en\/?s={search_term_string}"},"query-input":{"@type":"PropertyValueSpecification","valueRequired":true,"valueName":"search_term_string"}}],"inLanguage":"en-US"},{"@type":"Organization","@id":"http:\/\/agencevertiga.com\/en\/#organization","name":"Agence marketing Vertiga","url":"http:\/\/agencevertiga.com\/en\/","logo":{"@type":"ImageObject","inLanguage":"en-US","@id":"http:\/\/agencevertiga.com\/en\/#\/schema\/logo\/image\/","url":"http:\/\/agencevertiga.com\/wp-content\/uploads\/2025\/01\/vertiga.png","contentUrl":"http:\/\/agencevertiga.com\/wp-content\/uploads\/2025\/01\/vertiga.png","width":700,"height":700,"caption":"Agence marketing Vertiga"},"image":{"@id":"http:\/\/agencevertiga.com\/en\/#\/schema\/logo\/image\/"},"sameAs":["https:\/\/www.facebook.com\/agencevertiga"]}]}},"_links":{"self":[{"href":"http:\/\/agencevertiga.com\/en\/wp-json\/wp\/v2\/podcast\/11193","targetHints":{"allow":["GET"]}}],"collection":[{"href":"http:\/\/agencevertiga.com\/en\/wp-json\/wp\/v2\/podcast"}],"about":[{"href":"http:\/\/agencevertiga.com\/en\/wp-json\/wp\/v2\/types\/podcast"}],"wp:attachment":[{"href":"http:\/\/agencevertiga.com\/en\/wp-json\/wp\/v2\/media?parent=11193"}],"wp:term":[{"taxonomy":"type-de-podcast","embeddable":true,"href":"http:\/\/agencevertiga.com\/en\/wp-json\/wp\/v2\/type-de-podcast?post=11193"}],"curies":[{"name":"wp","href":"https:\/\/api.w.org\/{rel}","templated":true}]}}

<!-- This site is optimized with the Yoast SEO plugin v27.3 - https://yoast.com/product/yoast-seo-wordpress/ -->
<title>Image de marque, marketing, site web, typographie. - Agence marketing Vertiga</title>
<meta name="description" content="Comment créer une identité de marque mémorable ? Stéphane Patry et Judith Cailhier reçoivent Michaël Grenier et Élaine Giguère pour discuter branding, typographie et stratégie digitale. Premier épisode du podcast À vos MARQUES." />
<meta name="robots" content="index, follow, max-snippet:-1, max-image-preview:large, max-video-preview:-1" />
<link rel="canonical" href="http://agencevertiga.com/en/podcast/image-de-marque-marketing-site-web-typographie/" />
<meta property="og:locale" content="en_US" />
<meta property="og:type" content="article" />
<meta property="og:title" content="Image de marque, marketing, site web, typographie. - Agence marketing Vertiga" />
<meta property="og:description" content="Comment créer une identité de marque mémorable ? Stéphane Patry et Judith Cailhier reçoivent Michaël Grenier et Élaine Giguère pour discuter branding, typographie et stratégie digitale. Premier épisode du podcast À vos MARQUES." />
<meta property="og:url" content="http://agencevertiga.com/en/podcast/image-de-marque-marketing-site-web-typographie/" />
<meta property="og:site_name" content="Agence marketing Vertiga" />
<meta property="article:publisher" content="https://www.facebook.com/agencevertiga" />
<meta property="article:modified_time" content="2026-02-12T15:39:56+00:00" />
<meta property="og:image" content="http://agencevertiga.com/wp-content/uploads/2025/01/vertiga.png" />
	<meta property="og:image:width" content="700" />
	<meta property="og:image:height" content="700" />
	<meta property="og:image:type" content="image/png" />
<meta name="twitter:card" content="summary_large_image" />
<script type="application/ld+json" class="yoast-schema-graph">{"@context":"https:\/\/schema.org","@graph":[{"@type":"WebPage","@id":"http:\/\/agencevertiga.com\/en\/podcast\/image-de-marque-marketing-site-web-typographie\/","url":"http:\/\/agencevertiga.com\/en\/podcast\/image-de-marque-marketing-site-web-typographie\/","name":"Image de marque, marketing, site web, typographie. - Agence marketing Vertiga","isPartOf":{"@id":"http:\/\/agencevertiga.com\/en\/#website"},"datePublished":"2026-02-12T13:47:19+00:00","dateModified":"2026-02-12T15:39:56+00:00","description":"Comment créer une identité de marque mémorable ? Stéphane Patry et Judith Cailhier reçoivent Michaël Grenier et Élaine Giguère pour discuter branding, typographie et stratégie digitale. Premier épisode du podcast À vos MARQUES.","breadcrumb":{"@id":"http:\/\/agencevertiga.com\/en\/podcast\/image-de-marque-marketing-site-web-typographie\/#breadcrumb"},"inLanguage":"en-US","potentialAction":[{"@type":"ReadAction","target":["http:\/\/agencevertiga.com\/en\/podcast\/image-de-marque-marketing-site-web-typographie\/"]}]},{"@type":"BreadcrumbList","@id":"http:\/\/agencevertiga.com\/en\/podcast\/image-de-marque-marketing-site-web-typographie\/#breadcrumb","itemListElement":[{"@type":"ListItem","position":1,"name":"Accueil","item":"http:\/\/agencevertiga.com\/en\/"},{"@type":"ListItem","position":2,"name":"Podcasts","item":"http:\/\/agencevertiga.com\/en\/podcast\/"},{"@type":"ListItem","position":3,"name":"Image de marque, marketing, site web, typographie."}]},{"@type":"WebSite","@id":"http:\/\/agencevertiga.com\/en\/#website","url":"http:\/\/agencevertiga.com\/en\/","name":"Agence marketing Vertiga","description":"Écouter. Penser. Créer. Performer.","publisher":{"@id":"http:\/\/agencevertiga.com\/en\/#organization"},"potentialAction":[{"@type":"SearchAction","target":{"@type":"EntryPoint","urlTemplate":"http:\/\/agencevertiga.com\/en\/?s={search_term_string}"},"query-input":{"@type":"PropertyValueSpecification","valueRequired":true,"valueName":"search_term_string"}}],"inLanguage":"en-US"},{"@type":"Organization","@id":"http:\/\/agencevertiga.com\/en\/#organization","name":"Agence marketing Vertiga","url":"http:\/\/agencevertiga.com\/en\/","logo":{"@type":"ImageObject","inLanguage":"en-US","@id":"http:\/\/agencevertiga.com\/en\/#\/schema\/logo\/image\/","url":"http:\/\/agencevertiga.com\/wp-content\/uploads\/2025\/01\/vertiga.png","contentUrl":"http:\/\/agencevertiga.com\/wp-content\/uploads\/2025\/01\/vertiga.png","width":700,"height":700,"caption":"Agence marketing Vertiga"},"image":{"@id":"http:\/\/agencevertiga.com\/en\/#\/schema\/logo\/image\/"},"sameAs":["https:\/\/www.facebook.com\/agencevertiga"]}]}</script>
<!-- / Yoast SEO plugin. -->

Comment créer une identité de marque mémorable ? Stéphane Patry et Judith Cailhier reçoivent Michaël Grenier et Élaine Giguère pour discuter branding, typographie et stratégie digitale. Premier épisode du podcast À vos MARQUES.

Écouter. Penser. Créer. Performer.
